, -5*y = -4*c - 54363 - 3411. What are the prime factors of y?
2, 53, 109
Let b(v) = 8*v + 2. Suppose -5*g - 4*s - 1 = -4, -g - 4*s + 7 = 0. Let x be b(g). List the prime factors of (376/(-6))/(x/9).
2, 47
Suppose -18*m - 2 = -16*m, 3*m = -4*f - 3. Suppose -3*c + 19 - 4 = f, -y + 4*c + 12 = 0. List the prime factors of y.
2
Suppose 3*g + 30*z - 34*z = 32, 4*g - 5*z - 41 = 0. Suppose 0 = g*q + 261 - 373. What are the prime factors of q?
2, 7
Suppose 2*o + 3*d = 2*d + 4501, -2*d = -10. Suppose 0 = 8*c - 4*c - o. What are the prime factors of c?
2, 281
Let s(t) = -7*t**3 + 2*t**2 - t - 3. Let i(r) = -r**3 - 20*r**2 - 18*r + 17. Let v = -13 + -6. Let d be i(v). List the prime factors of s(d).
3, 7
Suppose 3*o - 27993 - 5103 = 2*k, o = 3*k + 11032. What are the prime factors of o?
2, 7, 197
Let n be -2 - (-2)/2 - -6. Let h be (95/15 - n)*(64 + 2). Suppose 4*m + d = 385, -d = -m - 4*d + h. List the prime factors of m.
97
Let y(p) = -3*p**3 - 9*p**2 - 52*p - 116. List the prime factors of y(-27).
2, 3361
What are the prime factors of ((-286)/66)/((-1)/1149)?
13, 383
Let h = 597 + -585. Suppose -700 = -v + 4*u, -3425 = 7*v - h*v + 5*u. List the prime factors of v.
2, 5, 17
Let l be 28/(6*(-4 - 52/(-12))). Suppose -l*t = -659 - 6061. What are the prime factors of t?
2, 3, 5
Let v be 93/(-21) + 4 - 6981/(-21). Let n = -153 + v. Suppose 0 = -3*w + 4*w - n. What are the prime factors of w?
179
Suppose -4*f - 2*g = -8*f + 1936, 2*f - 968 = -5*g. Suppose w - 117 = c, -5*w - 2*c + f = -108. List the prime factors of w.
2, 59
Let f(h) = 5575*h**2 + 82*h + 84. List the prime factors of f(-1).
3, 11, 13
Suppose -9*p - 5*i = -p - 214318, p + i = 26789. List the prime factors of p.
73, 367
Let s = -19058 + 33095. What are the prime factors of s?
3, 4679
Let r(g) = 2*g**3 + 5*g**2 - 2*g + 1. Let n be r(-4). Let o = -28 - n. Suppose 6*q - o*q = -230. List the prime factors of q.
2, 23
Let n(o) = 8*o**3 - 46*o + 27. What are the prime factors of n(8)?
5, 751
Suppose 77*f + 5 = 78*f, -3*f = 4*i - 59031. What are the prime factors of i?
2, 3, 2459
Suppose -563880 = -136*x - 119*x + 231*x. What are the prime factors of x?
5, 37, 127
Let b(r) be the third derivative of 23/24*r**4 - 27*r**2 + 0*r - 7/6*r**3 + 0. List the prime factors of b(3).
2, 31
Let s(w) = w**2 - 3*w - 2. Let k be s(6). Suppose 26*p - 4*p + v = 53586, -5*v = 5*p - 12150. What are the prime factors of 4*(p/k)/3?
7, 29
Suppose 882*j = 901*j - 152874. List the prime factors of j.
2, 3, 149
Suppose 2*h - 4*u - 1400 = 19220, 3*u = 5*h - 51536. What are the prime factors of h?
2, 5153
Let r(l) = l**2 - 16*l + 41. Let z be r(7). Let w(x) = -37*x + 51. What are the prime factors of w(z)?
5, 173
Let y = 528 - 527. List the prime factors of 1209/y*(1/3 - -1).
2, 13, 31
Let z(p) = -10*p - 95. Let g be z(-10). Suppose -g*k + t = -2075, -t - 1317 = -4*k + 344. List the prime factors of k.
2, 3, 23
Let c be 5*(16/(-20) - 3). Let u = c + 4. What are the prime factors of 5/u*-1*321?
107
Let q(m) = 16942*m**2 + 19*m + 14. What are the prime factors of q(-1)?
16937
Let r be (2/6)/((-2 + -1)/(-10863)). Let z = 2454 - r. List the prime factors of z.
29, 43
Let f = 81 + -81. Suppose 9*i - 13*i + 760 = f. List the prime factors of ((-2)/5)/((-2)/i).
2, 19
List the prime factors of (-741264)/(-26) + (-58)/377.
2, 5, 2851
Suppose 54*y - 9160 = 4718. Let s = 390 - y. What are the prime factors of s?
7, 19
List the prime factors of 0/(50/10) - (-9916)/2.
2, 37, 67
Let s(u) = -2*u + 18. Let j be s(8). Suppose 0 = 13*o - j*o - 6*o. Suppose 0 = -o*q - 3*q + 258. List the prime factors of q.
2, 43
Let g = 197 - -604. Let q = -107 + g. What are the prime factors of q?
2, 347
Let i = 31 - 61. Let g = 36 + i. Suppose -g*u = -0*u - 600. List the prime factors of u.
2, 5
Let f = 8640 + 429. What are the prime factors of f?
3, 3023
List the prime factors of ((-1296)/(-90))/18 + (1 - 57482/(-10)).
2, 5, 23
Let o = 363 + -347. What are the prime factors of o/4 + (-5 + 8 - -787)?
2, 397
Suppose -s - 2 = 3*x, -3 - 3 = 3*s + 5*x. Let l be 1/(1 + s) + 10. Suppose 7 = l*a - 1091. List the prime factors of a.
2, 61
Suppose -l + 2*r - 14 = -11, -48 = -4*l - 4*r. Suppose -l - 147 = -11*a. List the prime factors of a.
2, 7
Let a be 3/2 + (-1674)/(-12). Suppose 4*y = -83 - a. Let v = 4 - y. What are the prime factors of v?
2, 3, 5
Let y be (-13)/65*-1 - (-508)/10. Let q = y - -1. List the prime factors of q.
2, 13
Let v(h) = -8*h**3 - h**2 + 18*h - 8. Let j be v(-10). Suppose -5*c = 11*c - j. What are the prime factors of c?
2, 241
Let z = 5 - 0. Suppose -1083 = -z*l + 842. List the prime factors of l.
5, 7, 11
Suppose -69*z + 55*z + 7820 = 20*z. Suppose 0*c + 4*c = -84. Let n = c + z. What are the prime factors of n?
11, 19
Suppose -85 = -41*d + 36*d. Let k(v) = -v**3 + 18*v**2 + 20*v - 8. What are the prime factors of k(d)?
3, 23
Suppose -5*z + 5*m = -10, 5*z - 3*m - 18 = 8*z. Let f(g) = -49*g + 38*g - 61*g - 3. List the prime factors of f(z).
3, 47
Let s(z) = 3*z**2 - 2*z - 10. Let y be s(3). Suppose y*r = 175 + 1. Suppose 4*n - r*n = -732. List the prime factors of n.
61
Let k be -6*16/(-6)*(-5)/(-20). Suppose k*p - 4*b - 1746 = -338, 0 = -4*p + 2*b + 1404. List the prime factors of p.
2, 5, 7
Let l(q) = 3*q**3 - q**2 + 1. Let r be l(1). Suppose 10 = -r*f + 16. Suppose f*v - 70 - 184 = -5*g, -5*g + v = -248. What are the prime factors of g?
2, 5
Let f be ((-41118)/(-56))/((-12)/32). List the prime factors of 70/315 + f/(-18).
109
Let w be 3 - (41 - (0 + -2)). Let p = w - -37. List the prime factors of p - (-32)/(-3)*-3.
29
Suppose 2*r = 11 + 5. Let f(a) = -2*a**3 + 33 + r*a - 13*a**2 + 3*a**3 - 61. What are the prime factors of f(13)?
2, 19
Suppose -2*r - 92 = -3*c + 2*c, -4*r - 3*c = 204. Let v be (4/r*15)/(1/4). Let j(s) = 5*s**2 + 2*s - 21. List the prime factors of j(v).
2, 47
Let j = -969 + 14414. What are the prime factors of j?
5, 2689
Let n = 98 - 206. Let k be (-2)/12 + (-558)/n. What are the prime factors of 362/2*k/(-25)*-5?
181
Suppose -4*f - 4*h = -10392, 934*f - 933*f - 2595 = -4*h. What are the prime factors of f?
23, 113
Let k(q) = -17*q - 5. Let y be k(1). Let o be (-10)/(-30) + y/(-6). List the prime factors of (-266)/(-4) - 6/o.
5, 13
Let x = 75 - 72. Suppose -3*a - 4*l - 20 = -2*a, -x*a = -4*l - 20. Suppose q - 136 - 40 = a. What are the prime factors of q?
2, 11
Suppose -n + 10*o - 11*o + 1 = 0, n = 2*o + 4. Suppose v - 989 = -b, n*b + 4*v - 1964 = 9*v. List the prime factors of b.
3, 7, 47
Suppose -406 = o - 5*h - 1053, -4*h = 3*o - 1903. Let k(m) = -2*m + 33. Let j be k(10). Suppose 20*t - o = j*t. List the prime factors of t.
7, 13
Suppose 32*z - 33*z = -482. Let d = -50 + z. List the prime factors of d.
2, 3
Suppose -18*y + 8591 = 2*b - 21*y, -4*b + 2*y + 17162 = 0. List the prime factors of b.
2, 67
Let x be 270/(-25)*5/(-3). Suppose 22*a - 3268 = x*a. List the prime factors of a.
19, 43
What are the prime factors of (-1)/8*(-82 + -19206)?
2411
Suppose 0 = 4*s + 2*f - 74, -3*s + 6 = 4*f - 47. Let o(h) = h**2 + 41*h + 44. Let d be o(s). Suppose 10*a - d = 1346. List the prime factors of a.
11, 23
Let l = -724 - -1535. Let j = -432 + l. What are the prime factors of j?
379
Let x = -271 + 419. Suppose -p + 100 + x = 0. Let o = p + -70. List the prime factors of o.
2, 89
Suppose 4*n - r = 431, -n + 2*r - 6*r = -112. Let s = 83 - n. What are the prime factors of (154/10 - 15/s) + -1?
3, 5
Let z(d) = -50*d**3 - 6*d**2 - 34*d - 167. What are the prime factors of z(-6)?
13, 19, 43
Suppose 5*n = 2*a + 70658, -2 = -5*a + 3*a. What are the prime factors of n?
2, 3533
Let l(b) = 3614*b - 1928. List the prime factors of l(6).
2, 11, 449
Let d(y) = y**3 - 7*y**2 - 5*y + 115. Let q be d(9). What are the prime factors of ((-1)/(-3)*-2)/(q/(-175740))?
5, 101
Suppose 3*s = -4*a + 39522, 4*s - 3*a + 65848 = 9*s. List the prime factors of s.
2, 29, 227
Suppose -3254 = 5*u + 4076. Let r = u + 2960. List the prime factors of r.
2, 3, 83
Suppose 2*p = u - 4, -2 - 7 = 3*p. Let o be (u + (-12)/(-8))/(1/(-10)). List the prime factors of (-2)/(-6) - 19*o/(-3).
2
Let q(c) = -c**3 + 29*c**2 + 61*c + 33. Let k be q(31). Suppose -t + 3*g + 639 - 173 = 0, -k*t + 967 = g. List the prime factors of t.
13, 37
List the prime factors of (-72)/96*(-2